 3*b + 138. Let y = 31 - n. What is the greatest common divisor of y and 17?
1
Suppose -w = q, -4*w - q = -17 + 5. Let f = -6 - -10. Calculate the greatest common factor of w and f.
4
Suppose 4*s - 2*x + 585 = -599, -5*x = -2*s - 584. Let a = 486 + s. What is the highest common factor of a and 21?
21
Suppose 0 = 2*n - n - b - 11, b + 35 = 4*n. What is the greatest common factor of 944 and n?
8
Let a = 47 + -24. Suppose -3*g + 113 - a = 0. Let l(u) = u**2 + 5*u - 2. Let o be l(-7). What is the highest common divisor of g and o?
6
Let d be 1/((-30)/9 - -3). Let n be (-2)/d*-6 - -14. What is the highest common factor of 80 and n?
10
Let m be (-1 - 2 - -4)/((-1)/69). Let t = m - -139. Let o = 21 - -7. What is the greatest common divisor of o and t?
14
Let b be (-2)/9 - 6/(-27). Suppose 4*z + 2894 = 3*x - 606, b = -5*z - x - 4394. Let i be 20/110 - z/11. Calculate the highest common factor of 32 and i.
16
Let d be (27/6)/((-6)/(-28)). Calculate the greatest common divisor of 42 and d.
21
Let x(r) = -8*r - 22. Let a be x(-3). Let f be 8 + -8 + (-8)/a + 20. What is the greatest common factor of f and 144?
16
Let f(z) = -47*z**2 + 3*z - 3. Let q be f(2). Let d be 2/((-20)/q)*2. What is the highest common factor of 74 and d?
37
Suppose 13*j - 102 = -24. Calculate the highest common divisor of j and 582.
6
Let w be (6/45 - 208/210)*-21. Let s = 26 - w. Let m be 6/(-4)*8/(-12). Calculate the greatest common factor of s and m.
1
Let u be -7 + 16980/(8 + 2). Calculate the highest common factor of u and 89.
89
Suppose 0 = -3*v + 2*n, -5*n = -0*v + 2*v. Let a(r) = r**3 + r**2 + r + 51. Let u be a(v). What is the highest common divisor of u and 3?
3
Suppose -27*s + 236 = -304. What is the highest common divisor of s and 140?
20
Let w be (15/(-2))/(189/(-378)). Let s(a) = -20*a + 5. Let x be s(-5). What is the greatest common divisor of w and x?
15
Let y be (-3 - 273/(-12))*12. Suppose -2*v + 5*x + 105 + 112 = 0, -2*v = -x - y. Calculate the highest common divisor of v and 11.
11
Let t be (105/(-6))/((-10)/(-100)). Let n = t + 219. Let q = 5 - -6. Calculate the highest common factor of q and n.
11
Let o(z) = z + 2. Let k be o(-5). Let u be ((-6)/(-9) - k)*12. Let a be 1/(-4) - 119/(-28). Calculate the highest common divisor of u and a.
4
Let o = 331 - 19. What is the highest common factor of o and 120?
24
Suppose 8 = 4*o - 8. Suppose -2*i + 10 = -4*d + 36, -d = -o*i - 31. Let k = -4 - i. What is the highest common divisor of 9 and k?
3
Suppose 16*i + 65 = -15. Let p be (-1258)/i + 8/(-5) + 2. What is the highest common divisor of p and 36?
36
Suppose -2*x + 5*x + 100 = 2*c, 0 = 2*c + 4*x - 72. Suppose 4*t + 4*l = 36, -3*l + 4*l = 5*t - 57. What is the greatest common factor of c and t?
11
Suppose -4*w = w - 175. Suppose 3*x - w = 10. Suppose 5*u = -5*b - 15, 0 = 5*u + 4*b - 4 + x. What is the greatest common divisor of 7 and u?
1
Let s be -4*36/8 - 4. Let z = s - -44. Calculate the greatest common divisor of 22 and z.
22
Let p be (-120)/(-900) + (-1573)/(-15). Calculate the highest common divisor of 1365 and p.
105
Let h(d) = -13*d**3 + 2*d**2 + 2*d - 1. Let w be h(-1). What is the highest common divisor of 564 and w?
12
Suppose 11*a + 78 = 14*a. Let w(u) = 2*u**3 + 2*u**2 - 4*u + 1. Let z be w(-3). Let f = z + a. Calculate the highest common factor of 3 and f.
3
Suppose 3*a = 5*c + 11, -c - 7 = -0*a - 3*a. Suppose -x + 5 = -a. Suppose -x - 236 = -3*y. What is the greatest common divisor of 27 and y?
27
Let j(z) = 3*z**2 - z + 6. Let i be j(4). Let n = i + -43. Let c(w) = 36*w**2 + w. Let q be c(-1). Calculate the highest common factor of n and q.
7
Let r = -5 - -14. Suppose 141 + 489 = 10*y. What is the greatest common divisor of y and r?
9
Let r = -58 + 82. Suppose -21*q + 44 = -18*q - 4*x, 2*x - 56 = -5*q. Calculate the highest common divisor of r and q.
12
Let t(j) = -2*j + 11. Let d be t(-19). Suppose -d*s + 24 = -46*s. Calculate the greatest common divisor of s and 88.
8
Let f = 4242 - 2688. Calculate the greatest common divisor of f and 42.
42
Let b(w) be the third derivative of 8*w**2 + 0*w**4 + 0 + 0*w**5 + 0*w**3 + 1/120*w**6 + 0*w. Let h be b(1). What is the greatest common factor of h and 5?
1
Let d(v) = 90*v - 54. Let r be d(3). Let q = 59 - 35. Calculate the greatest common factor of r and q.
24
Let v = 33 + 174. Let w = v + -63. What is the highest common factor of 16 and w?
16
Suppose -3*r = -r + 380. Let h be 299 + 2/3*(-9)/6. Let y = h + r. Calculate the greatest common factor of 12 and y.
12
Suppose 2*w = 4*p + 5*w - 948, 0 = -p - 5*w + 254. What is the highest common factor of 26 and p?
26
Let o = 80 + 5. Let r be (75/(-150))/(2*2/(-136)). What is the highest common divisor of r and o?
17
Let k(m) = 4*m + 4. Suppose 7 + 3 = -x - 3*j, -j = 4. Let s be k(x). Suppose 3*t = -3*t + 72. Calculate the highest common divisor of t and s.
12
Let j be 321/21 + 2/(-7). Suppose b = n + j - 2, -b + 17 = -2*n. Suppose 273 = 4*r - 123. Calculate the greatest common divisor of b and r.
9
Let f be (44/(-8))/(1 + (-2)/4). Let l = 19 + f. What is the highest common factor of l and 12?
4
Suppose 3 = -4*o + 39. Let a = 36 - o. Calculate the greatest common factor of a and 243.
27
Let s(a) = -30*a - 172. Let u be s(-6). What is the highest common divisor of u and 104?
8
Suppose 162 = 8*a - 5*a + v, 168 = 3*a + 3*v. Suppose a - 32 = h. Calculate the highest common factor of h and 21.
21
Let m = -2052 + 2059. What is the greatest common divisor of 11 and m?
1
Let w = -38 + 41. Let n be 4/w + 130/15. Calculate the highest common factor of n and 4.
2
Let u be -9*((-1750)/21)/10. Calculate the greatest common divisor of u and 60.
15
Suppose 2*b + b = 168. Suppose 2*f - 13 = 7. Suppose -6*d + 7*d - f = -i, -5*d + 42 = 4*i. What is the greatest common divisor of b and i?
8
Let x(l) = l**3 - 7*l**2 + 7*l + 5. Let m be x(6). Let d(i) = 34*i + 213. Let a be d(-4). Calculate the highest common factor of m and a.
11
Suppose 10*d = 87 - 527. Let p = -32 - d. What is the highest common divisor of p and 3?
3
Let v(z) = 8 + 4*z + 2*z - 2*z. Let y(l) = 7*l + 16. Let t(b) = -5*v(b) + 3*y(b). Let p be t(6). Calculate the highest common factor of 35 and p.
7
Let x be 14/56 + 599/4. Let j = x - 123. What is the highest common divisor of 3 and j?
3
Let c be 2/8*(-84)/(-3). Suppose -7*h + c + 133 = 0. What is the highest common divisor of 40 and h?
20
Let u(w) = w**3 + 6*w**2 + 2*w + 16. Let f(r) = -5*r**2 + r - 1. Let s be f(1). Let a be u(s). What is the highest common divisor of a and 93?
31
Let j(b) = 6*b**2 - 92*b + 48. Let r be j(15). Let c(q) = 10*q - 3. Let g be c(3). What is the greatest common factor of g and r?
9
Suppose 0 = t - 27 - 29. What is the greatest common divisor of t and 8?
8
Let j(f) = -f**3 + 4*f**2 + 5*f - 3. Let d be j(4). Suppose -1 = t + 1, -2*t - 361 = -3*k. What is the highest common factor of d and k?
17
Let j be ((-210)/(-175))/((-3)/(-50)). Suppose -d + 3 - 1 = 0. Suppose 0*c + 280 = d*c. Calculate the highest common divisor of j and c.
20
Let s(p) = p**2 - 6*p - 5. Let m be s(-4). Let z be ((-3150)/(-120))/(6/40). What is the greatest common factor of z and m?
35
Let f = -2 - -5. Suppose 0 = -2*p - f*v + 54, 2*p + 3*p + 4*v = 128. Let i = 4684 + -4678. What is the greatest common factor of p and i?
6
Let a be (-9574)/(-19) - 58/(-551). Calculate the greatest common divisor of a and 63.
63
Let o = -1549 - -1594. Let z(b) = 2*b**2 + 7*b. Let l be z(-5). What is the greatest common factor of o and l?
15
Suppose 3*f = 12 + 15. Let n(l) = -l + 13. Let c be n(f). Suppose -4*s + c*b = -2*s - 30, 5*b - 21 = -2*s. What is the greatest common factor of s and 117?
13
Let k(h) = -h**3 + 7*h**2 + 23*h - 1. Let m be k(9). What is the greatest common divisor of 2 and m?
2
Let c be ((-40)/3)/(7/42). Let z be (-8)/(-14) + c/(-7). Calculate the greatest common divisor of 12 and z.
12
Let n(r) = -r**3 - 12*r**2 + 8*r - 20. Let z be n(-13). Calculate the highest common divisor of 405 and z.
45
Let b(w) = w**3 - 13*w**2 + 13*w - 13. Let t be b(12). Let d = 76 + t. What is the greatest common divisor of d and 25?
25
Let v = -15 - -14. Let w be v*1*36/4. Let n = w - -104. What is the highest common divisor of 19 and n?
19
Let l(v) = 2*v**2 - 4*v + 2. Let r be l(2). Supp